*a. Is 23 a factor of (-1)/(((-1)/(-111))/a)?
False
Let c = 78 + 135. Let y(a) = -a**2 - 9*a + 11. Let u be y(8). Let q = u + c. Is q a multiple of 23?
False
Suppose y + 471 = 2*i, -4*y = 2*i + 3*i - 1197. Is 7 a factor of i?
False
Let b(p) = p**3 - 4*p + 2. Suppose -2*v + 2 = 2*s + 4, s + 5 = -2*v. Let c be b(s). Suppose l - 25 = c. Is l a multiple of 21?
True
Suppose -5*j = 2 + 18. Let r be (j/(-2))/((-1)/(-4)). Is 19 a factor of 414/r + (-45)/60?
False
Let c(z) = z**3 - 3*z - 1. Let g be c(-2). Let p be g + -3 + 5 + 20. Suppose 25 = 2*a - p. Is a a multiple of 11?
True
Let u(r) = r**3 + 5*r**2 + r + 13. Let t be u(-5). Does 14 divide (t/(-3))/(6/(-63))?
True
Let z = 174 + -27. Is 13 a factor of z + (-5)/(15/(-9))?
False
Let i(o) = -2*o**3 + 25*o**2 - 14*o - 21. Is i(11) a multiple of 7?
False
Let p(s) = -5*s**3 + 5*s**2 + 6*s + 4. Is 26 a factor of p(-3)?
False
Let x = 36 + 77. Let z = x - 65. Does 8 divide z?
True
Let k be (-2)/8 + (-2)/(-8). Suppose 3*m + k*m = 9. Suppose 25 + m = c. Does 9 divide c?
False
Suppose 7*m + 40 = 3*m. Let j(w) = w**3 + 11*w**2 - 6*w - 13. Does 9 divide j(m)?
False
Let m(x) = 20*x**2 + 3*x + 1. Let l be m(-7). Suppose -13*t + l = -8*t. Does 32 divide t?
True
Suppose 4*b = 3*k + 4368, k + 268 - 272 = 0. Does 15 divide b?
True
Let a = -31 - -36. Suppose 2*t - 25 = n - 95, -n - a*t = -105. Is 20 a factor of n?
True
Let v(l) be the first derivative of 17*l**4/4 + 2*l**3/3 - l**2/2 + 2. Let h be v(1). Let z = -11 + h. Is z a multiple of 5?
False
Let f = -28 + 26. Let m(s) = 6*s**2 + 3*s - 7 - 5*s + 4 + 0. Is m(f) a multiple of 7?
False
Let o = 83 + 27. Is 7 a factor of o?
False
Let z be 420/(-10) + (1 - 4). Let o = 43 - z. Suppose 0 = w + w - o. Is 11 a factor of w?
True
Let q(i) = -i**3 + 9*i**2 - 7*i + 1. Suppose -2*x = -0*x - 14. Let r = 0 + x. Is q(r) a multiple of 25?
True
Suppose -5*d + 225 = -v, 2*d + 5*v = 166 - 49. Does 4 divide d?
False
Let q = 25 - 21. Let c(j) = j**3 - 3*j**2 - 3*j + 2. Is 3 a factor of c(q)?
True
Let v be (-2 + 0)/(-2 - -4). Let g(r) = -8*r + 15*r + 1 - 36*r. Is g(v) a multiple of 10?
True
Suppose -5*a = f - 324, 2*f - 2*a = -3*a + 684. Does 12 divide f?
False
Suppose 954 = 6*o - 5418. Does 59 divide o?
True
Let k(l) = l**3 + 5*l**2 + 3*l + 3. Let u be k(-2). Suppose -2*y = -3*y + u. Is y a multiple of 3?
True
Suppose 3*x = -18*x + 19635. Does 11 divide x?
True
Does 18 divide (-4)/(-38) + ((-365880)/(-95))/6?
False
Suppose -1 = 3*y + 4*i - 16, 4*y + 3*i = 13. Let a be 6*y/((-2)/9). Let b = a - -49. Is 22 a factor of b?
True
Let r = -445 + 784. Is r a multiple of 35?
False
Let k = 939 - 884. Is k a multiple of 15?
False
Let a(x) = -4*x - 22. Let g be a(-6). Is (-284)/(-355)*(2/g + 9) a multiple of 2?
True
Let h(u) = 141*u**2 + 5*u + 3. Let l be h(3). Let q be (-1)/2 - l/(-22). Suppose -5*b = 2*k - 190 - q, 4*b = 3*k + 203. Does 10 divide b?
True
Let y(t) be the second derivative of -t**5/20 - 3*t**4/4 - t**3/6 - 3*t**2/2 + 14*t. Is 3 a factor of y(-9)?
True
Let o(w) = -w**3 + 56*w**2 + 75*w - 27. Is o(57) a multiple of 9?
True
Suppose -4*m - 97 = 3*b, 4*b - 4*m = -7 - 85. Let o = 50 - b. Is o a multiple of 7?
True
Suppose 2*v - 152 + 58 = 0. Let t = 7 + v. Is t a multiple of 9?
True
Let u = -46 + 58. Suppose -n + 4*a + 624 = 4*n, 0 = -3*a + u. Is 24 a factor of n?
False
Let b be 5/25 - 302/10. Let k be (6/(-18))/(2/b). Suppose -460 = -k*a + 4*j, -3*j = -5*a + a + 369. Does 23 divide a?
False
Suppose 4989 = 8*m + 677. Does 60 divide m?
False
Does 6 divide ((-6)/8)/3 + (-690)/(-8)?
False
Let f = -20 + 24. Suppose 849 = f*y + 3*o, -y + 90 = -o - 131. Is y a multiple of 54?
True
Suppose 4*d = -5*j - 15, 9 = -2*d - d - 3*j. Let a be (-1)/((-2)/24 - d). Let p = a + -7. Does 4 divide p?
False
Suppose -106 = 3*l - 37. Let x = l + 26. Is (-16)/3*(-3 - x) a multiple of 16?
True
Does 14 divide (51/2)/((-108)/(-1008))?
True
Let t(o) = o**2 - 7*o + 10. Let p be t(6). Suppose 0 = -5*u + p*c + 6 + 14, 4*u + c = 16. Is 15 a factor of u*(3 + 10/4)?
False
Let d(j) = -j**3 + 2*j**2 + 2*j + 2. Let i be d(-1). Is (-12 - i)*(-64)/6 a multiple of 34?
False
Let s = 155 + -63. Suppose -3*m - 20 = -s. Does 24 divide m?
True
Let k be 5/4*(0 - -4). Let x(h) = h**2 - 7*h + 12. Let p be x(k). Suppose -p*b + 48 = b. Does 16 divide b?
True
Let v = 699 - 19. Does 85 divide v?
True
Let p be (-553)/(-77) - (-4)/(-22). Suppose -38 = -3*s + p. Is 15 a factor of s?
True
Let r(g) = 13*g - 4*g - 35*g**2 + 22 + 37*g**2. Is 13 a factor of r(-8)?
True
Let x = -54 + 103. Let p(a) = -19*a - 38. Let w be p(-2). Suppose -h + x = 4*n, 5*n + 3*h - 42 - 21 = w. Does 4 divide n?
True
Let l(d) = 9*d**2 - 15*d + 40. Does 10 divide l(8)?
False
Suppose -3*p + 260 = -487. Is p a multiple of 2?
False
Let v(j) = j**2 - 8*j + 5. Let o be v(4). Let l = 14 + o. Suppose l = b - 43. Does 23 divide b?
True
Suppose -9*g = -529 - 110. Is 57 a factor of g?
False
Suppose 4*h + 55 + 65 = -4*t, 4*h + 122 = -2*t. Let m = -16 - h. Let q = m - -2. Is 17 a factor of q?
True
Let v(o) = 2*o**2 - 3*o + 69. Does 21 divide v(0)?
False
Let f(j) be the first derivative of j**3/3 - 17*j**2/2 - 13*j + 8. Is 3 a factor of f(18)?
False
Let m = 499 - 749. Let i = m - -455. Does 39 divide i?
False
Let l = -72 + 64. Let z(i) = -10*i + 48. Is 12 a factor of z(l)?
False
Let x be ((-2)/(12/14))/(5/(-30)). Let y = x - -52. Does 11 divide y?
True
Let o(r) = -r - 6. Let y be o(-3). Suppose -10*x = -887 - 1133. Is 26 a factor of (x/6)/(y/(-9))?
False
Let r(p) be the third derivative of -p**5/60 - 13*p**4/12 - 7*p**3/3 + 9*p**2. Does 50 divide r(-15)?
False
Does 38 divide (5 - 4)/(-5*3/(-6270))?
True
Let b(w) = w + 30 + 1 - 2*w + 23. Does 10 divide b(14)?
True
Let p(d) be the third derivative of d**5/60 + d**4/6 + d**3/3 - 4*d**2. Let o be p(-4). Does 13 divide (o - -3)*(-39)/(-5)?
True
Let x(o) = -o**2 + 4*o + 12. Let v be x(5). Is 8 a factor of 78 - (v + -3 + -8)?
False
Let q(l) = l**2 - 4*l - 3. Let v be q(5). Suppose -5*w = v*g - 61, -g - 12 = -w - 4. Is 11 a factor of w?
True
Let r(l) = l**3 - 9*l**2 - l + 12. Let y be r(9). Suppose -8 = -c - y. Suppose -277 = -4*a - i, c*a - 2*i + 66 - 409 = 0. Does 27 divide a?
False
Let l = -86 - -352. Does 10 divide l?
False
Suppose -362 = -5*m + n, 4*m - 5*n - 350 = -m. Suppose 0*l + 17 = c + l, 0 = 5*c - l - m. Does 15 divide c?
True
Is 21876/42 - (-126)/(-147) a multiple of 20?
True
Suppose 4*x = -2*a + 4, 5*x + 1 = -7*a + 3*a. Suppose 4*k = 3*g + 257, -2*k + x*g - 133 = -4*k. Is 5 a factor of k?
True
Let o = -39 - -60. Let f = -8 + 15. Let z = o - f. Is z a multiple of 14?
True
Let t be 2362/3 + (-5)/15. Suppose 438 = 5*s - t. Suppose 4*c + c - s = 0. Is 12 a factor of c?
False
Let l(w) = -w - 2. Let j be l(11). Let b = 15 + j. Suppose -5*z = b*h - 15, -2*h = -6*h + 2*z + 66. Is 5 a factor of h?
True
Suppose -5*n + 6*n - 8 = 0. Is 20 a factor of (-5 - 0)*(n + -16)?
True
Let k = -30 - -53. Let s = k - -1. Is 8 a factor of s?
True
Suppose -3*x - 2425 + 7695 = 5*n, 4*n = -4*x + 7024. Does 59 divide x?
False
Let l = -8 - -12. Suppose -4*v = -l*a + 204, -2*a = 4*v - 93 - 27. Suppose 0*j = 3*j - a. Is j a multiple of 9?
True
Suppose -6*z - z = -14. Suppose -z*l - l = -294. Does 14 divide l?
True
Let k(z) = z**2 + 8*z - 123. Is 29 a factor of k(-22)?
False
Let g(l) = -l**3 - l**2 - 2*l - 2. Let n be g(-2). Let c(k) = 0*k**3 - 1 + 8*k**2 - 11*k + 3*k - k**3. Is 14 a factor of c(n)?
False
Is 25 a factor of (8825/10)/((-20)/(-16))?
False
Let w be (3/2)/(3/12). Is (-3*6)/(w/(-16)) a multiple of 36?
False
Let i(f) = 2*f**3 + 8*f**2 + 2*f + 8. Let x(m) = m**3 - m. Let t(y) = -i(y) + x(y). Is 10 a factor of t(-8)?
False
Suppose 0 = 98*v - 17*v - 34992. Is v a multiple of 8?
True
Suppose -57 = -2*n + 77. Suppose -p = 7*m - 2*m - 67, -p + n = 2*m. Does 31 divide p?
False
Let i = -539 - -635. Does 12 divide i?
True
Let m(f) = 3*f - 1. Let b be m(2). Let n = b - 3. Suppose 3*h + n = 95. Is h a multiple of 9?
False
Let s(h) = 3*h - 11. Let l(g) = g**2 - 2*g - 3. Let z be l(-2). Let x be s(z). Suppose -5*f + 254 = -x*j, -j - 7 = -f + 43. Does 18 divide f?
True
Suppose 0*p = -4*j - 4*p - 84, -2*p - 10 = 0. Let m = j + 18. Suppose 0*k - m*k = -18. Is 2 a factor of k?
False
Let o(r) = -3*r**2 - 40*r + 31. Is o(-14) a multiple of 3?
True
Let w(p) = -3*p*